{"id":18917,"date":"2022-05-23T07:22:54","date_gmt":"2022-05-23T07:22:54","guid":{"rendered":"https:\/\/labicharraka.cl\/tienda\/?page_id=18917"},"modified":"2023-04-20T23:21:45","modified_gmt":"2023-04-20T23:21:45","slug":"accesorios","status":"publish","type":"page","link":"https:\/\/labicharraka.cl\/tienda\/accesorios\/","title":{"rendered":"Accesorios"},"content":{"rendered":"<p>[et_pb_section fb_built=\u00bb1&#8243; _builder_version=\u00bb4.17.4&#8243; _module_preset=\u00bbdefault\u00bb background_enable_image=\u00bboff\u00bb width=\u00bb100%\u00bb width_tablet=\u00bb\u00bb width_phone=\u00bb100%\u00bb width_last_edited=\u00bbon|phone\u00bb max_width=\u00bb100%\u00bb module_alignment=\u00bbright\u00bb min_height=\u00bb177px\u00bb height=\u00bb156px\u00bb max_height=\u00bb1000px\u00bb background_last_edited=\u00bboff|phone\u00bb module_alignment_last_edited=\u00bboff|phone\u00bb global_colors_info=\u00bb{}\u00bb][et_pb_row _builder_version=\u00bb4.17.4&#8243; _module_preset=\u00bbdefault\u00bb global_colors_info=\u00bb{}\u00bb][et_pb_column type=\u00bb4_4&#8243; _builder_version=\u00bb4.17.4&#8243; _module_preset=\u00bbdefault\u00bb global_colors_info=\u00bb{}\u00bb][et_pb_text _builder_version=\u00bb4.17.4&#8243; _module_preset=\u00bbdefault\u00bb text_font=\u00bbAnnie Use Your Telescope||||||||\u00bb text_text_color=\u00bb#000000&#8243; text_font_size=\u00bb72px\u00bb text_line_height=\u00bb2.1em\u00bb width=\u00bb100%\u00bb max_width=\u00bb100%\u00bb hover_enabled=\u00bb0&#8243; text_text_shadow_style=\u00bbpreset2&#8243; text_text_shadow_horizontal_length=\u00bb-0.07em\u00bb global_colors_info=\u00bb{}\u00bb sticky_enabled=\u00bb0&#8243;]<\/p>\n<h1 style=\"text-align: center;\">ACCESORIOS-ACCESORIOS<\/h1>\n<p>[\/et_pb_text][\/et_pb_column][\/et_pb_row][\/et_pb_section][et_pb_section fb_built=\u00bb1&#8243; admin_label=\u00bbCall To Action\u00bb _builder_version=\u00bb4.17.4&#8243; _module_preset=\u00bbdefault\u00bb background_enable_color=\u00bboff\u00bb background_image=\u00bbhttps:\/\/labicharraka.cl\/tienda\/wp-content\/uploads\/2022\/05\/IMG_3275-e1654317618763.jpg\u00bb global_colors_info=\u00bb{}\u00bb][et_pb_row _builder_version=\u00bb4.17.4&#8243; _module_preset=\u00bbdefault\u00bb global_colors_info=\u00bb{}\u00bb][et_pb_column type=\u00bb4_4&#8243; _builder_version=\u00bb4.16&#8243; _module_preset=\u00bbdefault\u00bb global_colors_info=\u00bb{}\u00bb][et_pb_button button_url=\u00bbhttps:\/\/labicharraka.cl\/tienda\/categoria-producto\/accesorios\/aros\/\u00bb url_new_window=\u00bbon\u00bb button_text=\u00bbAROS\u00bb button_alignment=\u00bbcenter\u00bb _builder_version=\u00bb4.20.2&#8243; _module_preset=\u00bbdefault\u00bb custom_button=\u00bbon\u00bb button_text_color=\u00bb#000000&#8243; button_bg_color=\u00bb#FFFFFF\u00bb button_border_width=\u00bb0px\u00bb button_border_color=\u00bb#FFFFFF\u00bb button_border_radius=\u00bb21px\u00bb button_letter_spacing=\u00bb15px\u00bb hover_enabled=\u00bb0&#8243; box_shadow_style=\u00bbpreset1&#8243; global_colors_info=\u00bb{}\u00bb sticky_enabled=\u00bb0&#8243;][\/et_pb_button][\/et_pb_column][\/et_pb_row][\/et_pb_section][et_pb_section fb_built=\u00bb1&#8243; admin_label=\u00bbProducts\u00bb _builder_version=\u00bb4.16&#8243; _module_preset=\u00bbdefault\u00bb background_color=\u00bb#F8F4F1&#8243; locked=\u00bboff\u00bb global_colors_info=\u00bb{}\u00bb][et_pb_row _builder_version=\u00bb4.16&#8243; _module_preset=\u00bbdefault\u00bb hover_enabled=\u00bb0&#8243; global_colors_info=\u00bb{}\u00bb sticky_enabled=\u00bb0&#8243;][et_pb_column type=\u00bb4_4&#8243; _builder_version=\u00bb4.16&#8243; _module_preset=\u00bbdefault\u00bb global_colors_info=\u00bb{}\u00bb][et_pb_shop type=\u00bbproduct_category\u00bb show_pagination=\u00bbon\u00bb include_categories=\u00bb31,32,33,34,58,57,35,36,38&#8243; icon_hover_color=\u00bb#000000&#8243; _builder_version=\u00bb4.17.4&#8243; _module_preset=\u00bbdefault\u00bb title_font=\u00bb||||||||\u00bb title_font_size=\u00bb18px\u00bb title_line_height=\u00bb1.2em\u00bb title_font_size_tablet=\u00bb17px\u00bb title_font_size_phone=\u00bb16px\u00bb title_font_size_last_edited=\u00bbon|phone\u00bb global_colors_info=\u00bb{}\u00bb][\/et_pb_shop][\/et_pb_column][\/et_pb_row][\/et_pb_section][et_pb_section fb_built=\u00bb1&#8243; custom_padding_last_edited=\u00bbon|tablet\u00bb admin_label=\u00bbFooter\u00bb _builder_version=\u00bb4.16&#8243; _module_preset=\u00bbdefault\u00bb background_color=\u00bb#141414&#8243; background_image=\u00bbhttps:\/\/labicharraka.cl\/tienda\/wp-content\/uploads\/2022\/05\/boutique_36.png\u00bb background_size=\u00bbcontain\u00bb background_position=\u00bbbottom_center\u00bb custom_padding=\u00bb100px||||false|false\u00bb custom_padding_tablet=\u00bb50px||||false|false\u00bb custom_padding_phone=\u00bb||||false|false\u00bb saved_tabs=\u00bball\u00bb locked=\u00bboff\u00bb global_colors_info=\u00bb{}\u00bb][et_pb_row column_structure=\u00bb1_4,1_4,1_4,1_4&#8243; _builder_version=\u00bb4.16&#8243; _module_preset=\u00bbdefault\u00bb global_colors_info=\u00bb{}\u00bb][et_pb_column type=\u00bb1_4&#8243; _builder_version=\u00bb4.16&#8243; _module_preset=\u00bbdefault\u00bb global_colors_info=\u00bb{}\u00bb][et_pb_text _builder_version=\u00bb4.17.4&#8243; _module_preset=\u00bbdefault\u00bb header_font=\u00bb||||||||\u00bb header_5_font=\u00bbDidact Gothic||||||||\u00bb header_5_text_color=\u00bb#FFFFFF\u00bb header_5_font_size=\u00bb24px\u00bb header_5_line_height=\u00bb1.1em\u00bb custom_margin=\u00bb||10px||false|false\u00bb header_5_font_size_tablet=\u00bb16px\u00bb header_5_font_size_phone=\u00bb\u00bb header_5_font_size_last_edited=\u00bbon|desktop\u00bb header_5_line_height_tablet=\u00bb1.2em\u00bb header_5_line_height_phone=\u00bb\u00bb header_5_line_height_last_edited=\u00bbon|phone\u00bb locked=\u00bboff\u00bb global_colors_info=\u00bb{}\u00bb]<\/p>\n<p><img data-recalc-dims=\"1\" loading=\"lazy\" decoding=\"async\" data-attachment-id=\"18823\" data-permalink=\"https:\/\/labicharraka.cl\/tienda\/ilustracion-sin-titulo-2-2\/\" data-orig-file=\"https:\/\/i0.wp.com\/labicharraka.cl\/tienda\/wp-content\/uploads\/2022\/05\/Ilustracio%CC%81n-sin-ti%CC%81tulo-2.png?fit=3413%2C774&amp;ssl=1\" data-orig-size=\"3413,774\" data-comments-opened=\"1\" data-image-meta=\"{&quot;aperture&quot;:&quot;0&quot;,&quot;credit&quot;:&quot;&quot;,&quot;camera&quot;:&quot;&quot;,&quot;caption&quot;:&quot;&quot;,&quot;created_timestamp&quot;:&quot;0&quot;,&quot;copyright&quot;:&quot;&quot;,&quot;focal_length&quot;:&quot;0&quot;,&quot;iso&quot;:&quot;0&quot;,&quot;shutter_speed&quot;:&quot;0&quot;,&quot;title&quot;:&quot;&quot;,&quot;orientation&quot;:&quot;0&quot;}\" data-image-title=\"Ilustracio\u0301n-sin-ti\u0301tulo-2\" data-image-description=\"\" data-image-caption=\"\" data-large-file=\"https:\/\/i0.wp.com\/labicharraka.cl\/tienda\/wp-content\/uploads\/2022\/05\/Ilustracio%CC%81n-sin-ti%CC%81tulo-2.png?fit=1024%2C232&amp;ssl=1\" src=\"https:\/\/i0.wp.com\/labicharraka.cl\/tienda\/wp-content\/uploads\/2022\/05\/Ilustracio%CC%81n-sin-ti%CC%81tulo-2.png?resize=300%2C68&#038;ssl=1\" alt=\"\" class=\"wp-image-18823 alignnone size-medium\" width=\"300\" height=\"68\" srcset=\"https:\/\/i0.wp.com\/labicharraka.cl\/tienda\/wp-content\/uploads\/2022\/05\/Ilustracio%CC%81n-sin-ti%CC%81tulo-2.png?resize=300%2C68&amp;ssl=1 300w, https:\/\/i0.wp.com\/labicharraka.cl\/tienda\/wp-content\/uploads\/2022\/05\/Ilustracio%CC%81n-sin-ti%CC%81tulo-2.png?resize=1024%2C232&amp;ssl=1 1024w, https:\/\/i0.wp.com\/labicharraka.cl\/tienda\/wp-content\/uploads\/2022\/05\/Ilustracio%CC%81n-sin-ti%CC%81tulo-2.png?resize=768%2C174&amp;ssl=1 768w, https:\/\/i0.wp.com\/labicharraka.cl\/tienda\/wp-content\/uploads\/2022\/05\/Ilustracio%CC%81n-sin-ti%CC%81tulo-2.png?resize=1536%2C348&amp;ssl=1 1536w, https:\/\/i0.wp.com\/labicharraka.cl\/tienda\/wp-content\/uploads\/2022\/05\/Ilustracio%CC%81n-sin-ti%CC%81tulo-2.png?resize=2048%2C464&amp;ssl=1 2048w, https:\/\/i0.wp.com\/labicharraka.cl\/tienda\/wp-content\/uploads\/2022\/05\/Ilustracio%CC%81n-sin-ti%CC%81tulo-2.png?resize=1080%2C245&amp;ssl=1 1080w, https:\/\/i0.wp.com\/labicharraka.cl\/tienda\/wp-content\/uploads\/2022\/05\/Ilustracio%CC%81n-sin-ti%CC%81tulo-2.png?resize=1280%2C290&amp;ssl=1 1280w, https:\/\/i0.wp.com\/labicharraka.cl\/tienda\/wp-content\/uploads\/2022\/05\/Ilustracio%CC%81n-sin-ti%CC%81tulo-2.png?resize=980%2C222&amp;ssl=1 980w, https:\/\/i0.wp.com\/labicharraka.cl\/tienda\/wp-content\/uploads\/2022\/05\/Ilustracio%CC%81n-sin-ti%CC%81tulo-2.png?resize=480%2C109&amp;ssl=1 480w, https:\/\/i0.wp.com\/labicharraka.cl\/tienda\/wp-content\/uploads\/2022\/05\/Ilustracio%CC%81n-sin-ti%CC%81tulo-2.png?resize=600%2C136&amp;ssl=1 600w, https:\/\/i0.wp.com\/labicharraka.cl\/tienda\/wp-content\/uploads\/2022\/05\/Ilustracio%CC%81n-sin-ti%CC%81tulo-2.png?w=2160&amp;ssl=1 2160w, https:\/\/i0.wp.com\/labicharraka.cl\/tienda\/wp-content\/uploads\/2022\/05\/Ilustracio%CC%81n-sin-ti%CC%81tulo-2.png?w=3240&amp;ssl=1 3240w\" sizes=\"(max-width: 300px) 100vw, 300px\" \/><\/p>\n<p>[\/et_pb_text][et_pb_text _builder_version=\u00bb4.17.4&#8243; _module_preset=\u00bbdefault\u00bb text_text_color=\u00bbrgba(255,255,255,0.7)\u00bb text_font_size_tablet=\u00bb15px\u00bb text_font_size_phone=\u00bb14px\u00bb text_font_size_last_edited=\u00bbon|phone\u00bb header_font_size_tablet=\u00bb55px\u00bb header_font_size_last_edited=\u00bboff|desktop\u00bb locked=\u00bboff\u00bb global_colors_info=\u00bb{}\u00bb]<\/p>\n<p>Villavicencio 323, tercer piso<\/p>\n<p>Metro U. Cat\u00f3lica, Santiago<\/p>\n<p>[\/et_pb_text][\/et_pb_column][et_pb_column type=\u00bb1_4&#8243; _builder_version=\u00bb4.16&#8243; _module_preset=\u00bbdefault\u00bb global_colors_info=\u00bb{}\u00bb][et_pb_text _builder_version=\u00bb4.17.4&#8243; _module_preset=\u00bbdefault\u00bb header_font=\u00bb||||||||\u00bb header_5_font=\u00bbDidact Gothic||||||||\u00bb header_5_text_color=\u00bb#FFFFFF\u00bb header_5_font_size=\u00bb24px\u00bb header_5_line_height=\u00bb1.1em\u00bb custom_margin=\u00bb||10px||false|false\u00bb header_5_font_size_tablet=\u00bb16px\u00bb header_5_font_size_phone=\u00bb\u00bb header_5_font_size_last_edited=\u00bbon|desktop\u00bb header_5_line_height_tablet=\u00bb1.2em\u00bb header_5_line_height_phone=\u00bb\u00bb header_5_line_height_last_edited=\u00bbon|phone\u00bb locked=\u00bboff\u00bb global_colors_info=\u00bb{}\u00bb]<\/p>\n<h5>Tel\u00e9fono<\/h5>\n<p>[\/et_pb_text][et_pb_text _builder_version=\u00bb4.17.4&#8243; _module_preset=\u00bbdefault\u00bb text_text_color=\u00bbrgba(255,255,255,0.7)\u00bb text_font_size_tablet=\u00bb15px\u00bb text_font_size_phone=\u00bb14px\u00bb text_font_size_last_edited=\u00bbon|phone\u00bb header_font_size_tablet=\u00bb55px\u00bb header_font_size_last_edited=\u00bboff|desktop\u00bb locked=\u00bboff\u00bb global_colors_info=\u00bb{}\u00bb]<\/p>\n<p>(+569)51384701<\/p>\n<p>[\/et_pb_text][\/et_pb_column][et_pb_column type=\u00bb1_4&#8243; _builder_version=\u00bb4.16&#8243; _module_preset=\u00bbdefault\u00bb global_colors_info=\u00bb{}\u00bb][et_pb_text _builder_version=\u00bb4.16&#8243; _module_preset=\u00bbdefault\u00bb header_font=\u00bb||||||||\u00bb header_5_font=\u00bbDidact Gothic||||||||\u00bb header_5_text_color=\u00bb#FFFFFF\u00bb header_5_font_size=\u00bb24px\u00bb header_5_line_height=\u00bb1.1em\u00bb custom_margin=\u00bb||10px||false|false\u00bb header_5_font_size_tablet=\u00bb16px\u00bb header_5_font_size_phone=\u00bb\u00bb header_5_font_size_last_edited=\u00bbon|desktop\u00bb header_5_line_height_tablet=\u00bb1.2em\u00bb header_5_line_height_phone=\u00bb\u00bb header_5_line_height_last_edited=\u00bbon|phone\u00bb locked=\u00bboff\u00bb global_colors_info=\u00bb{}\u00bb]<\/p>\n<h5>Email<\/h5>\n<p>[\/et_pb_text][et_pb_text _builder_version=\u00bb4.17.4&#8243; _module_preset=\u00bbdefault\u00bb text_text_color=\u00bbrgba(255,255,255,0.7)\u00bb link_text_color=\u00bbrgba(255,255,255,0.7)\u00bb text_font_size_tablet=\u00bb15px\u00bb text_font_size_phone=\u00bb14px\u00bb text_font_size_last_edited=\u00bbon|phone\u00bb header_font_size_tablet=\u00bb55px\u00bb header_font_size_last_edited=\u00bboff|desktop\u00bb locked=\u00bboff\u00bb global_colors_info=\u00bb{}\u00bb]<\/p>\n<p>bicharraka.dudas@gmail.com<\/p>\n<p>[\/et_pb_text][\/et_pb_column][et_pb_column type=\u00bb1_4&#8243; _builder_version=\u00bb4.16&#8243; _module_preset=\u00bbdefault\u00bb global_colors_info=\u00bb{}\u00bb][et_pb_text _builder_version=\u00bb4.17.4&#8243; _module_preset=\u00bbdefault\u00bb header_font=\u00bb||||||||\u00bb header_5_font=\u00bbDidact Gothic||||||||\u00bb header_5_text_color=\u00bb#FFFFFF\u00bb header_5_font_size=\u00bb24px\u00bb header_5_line_height=\u00bb1.1em\u00bb custom_margin=\u00bb||10px||false|false\u00bb header_5_font_size_tablet=\u00bb16px\u00bb header_5_font_size_phone=\u00bb\u00bb header_5_font_size_last_edited=\u00bbon|desktop\u00bb header_5_line_height_tablet=\u00bb1.2em\u00bb header_5_line_height_phone=\u00bb\u00bb header_5_line_height_last_edited=\u00bbon|phone\u00bb locked=\u00bboff\u00bb global_colors_info=\u00bb{}\u00bb]<\/p>\n<h5>Su\u00edguenos<\/h5>\n<p>[\/et_pb_text][et_pb_social_media_follow icon_color=\u00bbrgba(255,255,255,0.71)\u00bb _builder_version=\u00bb4.17.4&#8243; _module_preset=\u00bbdefault\u00bb text_orientation=\u00bbleft\u00bb custom_margin=\u00bb|||-10px|false|false\u00bb locked=\u00bboff\u00bb global_colors_info=\u00bb{}\u00bb][et_pb_social_media_follow_network social_network=\u00bbfacebook\u00bb url=\u00bbhttps:\/\/www.facebook.com\/La-Bicharraka-632788473411587&#8243; _builder_version=\u00bb4.17.4&#8243; _module_preset=\u00bbdefault\u00bb background_enable_color=\u00bboff\u00bb global_colors_info=\u00bb{}\u00bb follow_button=\u00bboff\u00bb url_new_window=\u00bbon\u00bb]facebook[\/et_pb_social_media_follow_network][et_pb_social_media_follow_network social_network=\u00bbinstagram\u00bb url=\u00bbhttps:\/\/www.instagram.com\/la_bicharraka\/\u00bb _builder_version=\u00bb4.17.4&#8243; _module_preset=\u00bbdefault\u00bb background_color=\u00bb#ea2c59&#8243; background_enable_color=\u00bboff\u00bb global_colors_info=\u00bb{}\u00bb follow_button=\u00bboff\u00bb url_new_window=\u00bbon\u00bb]instagram[\/et_pb_social_media_follow_network][et_pb_social_media_follow_network social_network=\u00bbtiktok\u00bb url=\u00bbhttps:\/\/vm.tiktok.com\/ZMLEW9uTw\/\u00bb _builder_version=\u00bb4.17.4&#8243; _module_preset=\u00bbdefault\u00bb background_color=\u00bb#fe2c55&#8243; background_enable_color=\u00bboff\u00bb global_colors_info=\u00bb{}\u00bb follow_button=\u00bboff\u00bb url_new_window=\u00bbon\u00bb]tiktok[\/et_pb_social_media_follow_network][\/et_pb_social_media_follow][\/et_pb_column][\/et_pb_row][et_pb_row column_structure=\u00bb1_4,1_4,1_2&#8243; _builder_version=\u00bb4.16&#8243; _module_preset=\u00bbdefault\u00bb global_colors_info=\u00bb{}\u00bb][et_pb_column type=\u00bb1_4&#8243; _builder_version=\u00bb4.16&#8243; _module_preset=\u00bbdefault\u00bb global_colors_info=\u00bb{}\u00bb][\/et_pb_column][et_pb_column type=\u00bb1_4&#8243; _builder_version=\u00bb4.16&#8243; _module_preset=\u00bbdefault\u00bb global_colors_info=\u00bb{}\u00bb][et_pb_text _builder_version=\u00bb4.17.4&#8243; _module_preset=\u00bbdefault\u00bb header_font=\u00bb||||||||\u00bb header_5_font=\u00bbDidact Gothic||||||||\u00bb header_5_text_color=\u00bb#FFFFFF\u00bb header_5_font_size=\u00bb24px\u00bb header_5_line_height=\u00bb1.1em\u00bb custom_margin=\u00bb||10px||false|false\u00bb header_5_font_size_tablet=\u00bb16px\u00bb header_5_font_size_phone=\u00bb\u00bb header_5_font_size_last_edited=\u00bbon|desktop\u00bb header_5_line_height_tablet=\u00bb1.2em\u00bb header_5_line_height_phone=\u00bb\u00bb header_5_line_height_last_edited=\u00bbon|phone\u00bb locked=\u00bboff\u00bb global_colors_info=\u00bb{}\u00bb]<\/p>\n<h5>Enlaces r\u00e1pidos<\/h5>\n<p>[\/et_pb_text][et_pb_text _builder_version=\u00bb4.17.4&#8243; _module_preset=\u00bbdefault\u00bb text_text_color=\u00bb#8300E9&#8243; global_colors_info=\u00bb{}\u00bb]<\/p>\n<p><a href=\"https:\/\/labicharraka.cl\/tienda\/preguntas-frecuentes\/\" target=\"_blank\" rel=\"noopener\" title=\"Preguntas fracuentes\">Preguntas frecuentes<\/a><\/p>\n<p><a href=\"https:\/\/labicharraka.cl\/tienda\/new\/\" title=\"New\">New<\/a><\/p>\n<p><a href=\"https:\/\/labicharraka.cl\/tienda\/ropa\/\" title=\"Ropa\">Ropa<\/a><\/p>\n<p><a href=\"https:\/\/labicharraka.cl\/tienda\/accesorios\/\" title=\"Accesorios\">Accesorios<\/a><\/p>\n<p><a href=\"https:\/\/labicharraka.cl\/tienda\/extras\/\" title=\"Extras\">Extras<\/a><\/p>\n<p><a href=\"https:\/\/labicharraka.cl\/tienda\/categoria-producto\/ofertas\/\" title=\"CYBER DAY\">CYBER DAY<\/a><\/p>\n<p>[\/et_pb_text][\/et_pb_column][et_pb_column type=\u00bb1_2&#8243; _builder_version=\u00bb4.16&#8243; _module_preset=\u00bbdefault\u00bb global_colors_info=\u00bb{}\u00bb][et_pb_text _builder_version=\u00bb4.17.4&#8243; _module_preset=\u00bbdefault\u00bb header_font=\u00bb||||||||\u00bb header_5_font=\u00bbDidact Gothic||||||||\u00bb header_5_text_color=\u00bb#FFFFFF\u00bb header_5_font_size=\u00bb24px\u00bb header_5_line_height=\u00bb1.1em\u00bb custom_margin=\u00bb||10px||false|false\u00bb header_5_font_size_tablet=\u00bb16px\u00bb header_5_font_size_phone=\u00bb\u00bb header_5_font_size_last_edited=\u00bbon|desktop\u00bb header_5_line_height_tablet=\u00bb1.2em\u00bb header_5_line_height_phone=\u00bb\u00bb header_5_line_height_last_edited=\u00bbon|phone\u00bb locked=\u00bboff\u00bb global_colors_info=\u00bb{}\u00bb]<\/p>\n<h5>Subscr\u00edbete<\/h5>\n<p>[\/et_pb_text][et_pb_signup mailchimp_list=\u00bbelegantthemestest|1ea2bbd026&#8243; layout=\u00bbtop_bottom\u00bb first_name_field=\u00bboff\u00bb last_name_field=\u00bboff\u00bb _builder_version=\u00bb4.16&#8243; _module_preset=\u00bbdefault\u00bb form_field_background_color=\u00bbRGBA(0,0,0,0)\u00bb form_field_text_color=\u00bb#FFFFFF\u00bb form_field_font=\u00bb|700||on|||||\u00bb form_field_font_size=\u00bb12px\u00bb form_field_letter_spacing=\u00bb2px\u00bb form_field_line_height=\u00bb1.8em\u00bb use_background_color=\u00bboff\u00bb custom_button=\u00bbon\u00bb button_text_size=\u00bb12px\u00bb button_text_color=\u00bb#000000&#8243; button_bg_color=\u00bb#FFFFFF\u00bb button_border_width=\u00bb0px\u00bb button_border_radius=\u00bb0px\u00bb button_letter_spacing=\u00bb2px\u00bb button_font=\u00bb|700||on|||||\u00bb button_custom_padding=\u00bb15px|30px|15px|30px|true|true\u00bb border_radii_fields=\u00bbon|0px|0px|0px|0px\u00bb border_width_all_fields=\u00bb1px\u00bb border_color_all_fields=\u00bb#FFFFFF\u00bb locked=\u00bboff\u00bb global_colors_info=\u00bb{}\u00bb][\/et_pb_signup][\/et_pb_column][\/et_pb_row][\/et_pb_section]<\/p>\n","protected":false},"excerpt":{"rendered":"<p>ACCESORIOS-ACCESORIOSVillavicencio 323, tercer piso Metro U. Cat\u00f3lica, SantiagoTel\u00e9fono(+569)51384701Emailbicharraka.dudas@gmail.comSu\u00edguenosEnlaces r\u00e1pidosPreguntas frecuentes New Ropa Accesorios Extras CYBER DAYSubscr\u00edbete<\/p>\n","protected":false},"author":1,"featured_media":0,"parent":0,"menu_order":0,"comment_status":"closed","ping_status":"closed","template":"","meta":{"_et_pb_use_builder":"on","_et_pb_old_content":"","_et_gb_content_width":"","footnotes":""},"class_list":["post-18917","page","type-page","status-publish","hentry"],"jetpack_sharing_enabled":true,"_links":{"self":[{"href":"https:\/\/labicharraka.cl\/tienda\/wp-json\/wp\/v2\/pages\/18917","targetHints":{"allow":["GET"]}}],"collection":[{"href":"https:\/\/labicharraka.cl\/tienda\/wp-json\/wp\/v2\/pages"}],"about":[{"href":"https:\/\/labicharraka.cl\/tienda\/wp-json\/wp\/v2\/types\/page"}],"author":[{"embeddable":true,"href":"https:\/\/labicharraka.cl\/tienda\/wp-json\/wp\/v2\/users\/1"}],"replies":[{"embeddable":true,"href":"https:\/\/labicharraka.cl\/tienda\/wp-json\/wp\/v2\/comments?post=18917"}],"version-history":[{"count":9,"href":"https:\/\/labicharraka.cl\/tienda\/wp-json\/wp\/v2\/pages\/18917\/revisions"}],"predecessor-version":[{"id":21557,"href":"https:\/\/labicharraka.cl\/tienda\/wp-json\/wp\/v2\/pages\/18917\/revisions\/21557"}],"wp:attachment":[{"href":"https:\/\/labicharraka.cl\/tienda\/wp-json\/wp\/v2\/media?parent=18917"}],"curies":[{"name":"wp","href":"https:\/\/api.w.org\/{rel}","templated":true}]}}